= -a**2 - 5*a + 3. Let o be r(-5). Suppose o*v + v - 128 = 0. What is the units digit of v?
2
Let s(a) = -a - 13. Let o be s(7). Let i = o - -25. What is the units digit of i?
5
Let f = -1 + 1. Suppose -5*b + 2*b + 6 = f. Suppose -b*h - h = -3. What is the units digit of h?
1
Let p(d) = 2 - 4 - 21*d - 5. What is the units digit of p(-5)?
8
What is the tens digit of (729 - -3) + 0 - (12 - 10)?
3
Suppose t - 5*v + 3460 = 6*t, 4*t - 2793 = v. Suppose -5*a + 1819 = 2*b + t, b = -a + 222. What is the tens digit of a?
2
Let w = -19 + -120. What is the tens digit of (-7)/(-28) + w/(-4)?
3
Let x(m) = m - 5. Let o be x(3). Let p(q) = q**2 + 2*q. Let a be p(o). Suppose a = 3*n - 32 - 1. What is the tens digit of n?
1
Let l = -108 - -280. Suppose -l = 7*c - 9*c. Let r = c + -27. What is the tens digit of r?
5
Suppose -4*a = -a - 21. Suppose 0 = p - 2, -p + 425 = a*f - 4*f. What is the units digit of f?
1
Let d(m) = -26*m - 49. Let r(i) = 76*i + 147. Let y(q) = -7*d(q) - 2*r(q). What is the hundreds digit of y(7)?
2
Let l = 525 - -7. What is the tens digit of l?
3
Let w be -3 - -7 - (3 - 0). Let q = 2 - w. What is the tens digit of q/(194/96 - 2)?
4
Let g(h) = 2*h + 43. Let b = 103 + -91. What is the units digit of g(b)?
7
Suppose 1651 = 4*u + 351. What is the units digit of u?
5
Let v(n) = 6 + 2 + 2*n - 4*n. Let i be v(0). Suppose 6*c = -f + 2*c + 7, i = -2*c. What is the units digit of f?
3
Let g(a) = 4*a**2 - a - 4. Let i = 33 - 29. Suppose i*p = 2*p - 4. What is the tens digit of g(p)?
1
Let d = -43 + 106. Suppose 2*w + d = 3*p, 3*w + 6 = p - 8. Let a = p + -19. What is the units digit of a?
4
Let r(f) be the first derivative of -5*f**4/24 + 2*f**3/3 + f**2/2 + 6. Let l(d) be the second derivative of r(d). What is the units digit of l(-3)?
9
Suppose 5*i + j = 4092, -3*i + 0*j + 3*j = -2466. What is the hundreds digit of i?
8
Let b(t) = t**3 - 8*t**2 - 10*t + 8. Let k be b(9). Let z = 4 - k. Suppose z*u - 3*u - 114 = 0. What is the tens digit of u?
5
Let k(f) = -8*f - 14. Let w be (13/(-3))/(1/9). Let g = w - -34. What is the tens digit of k(g)?
2
Suppose -4*h = 4*l - 9*l + 2, 2*h + 3*l = -12. What is the units digit of 10/4*(-9 - -11) + h?
2
Suppose 54*l - 48*l - 4296 = 0. What is the hundreds digit of l?
7
Let k = 1790 - 751. What is the hundreds digit of k?
0
Suppose -7*h - 17377 + 45461 = 0. What is the hundreds digit of h?
0
Let s(y) = -2*y - 81. Let p be s(0). What is the tens digit of (8/(-3))/(18/p)?
1
Let l(a) = 6*a**3 - 7*a**2 + 2*a + 5. What is the tens digit of l(5)?
9
Suppose v = 3*w - 95, 12*v + 54 = 2*w + 9*v. What is the units digit of w?
3
Suppose -3*t = 5*f + 212 - 531, -3*t = 4*f - 254. Suppose m + 2*c - f = 90, 5*c = -2*m + 310. What is the hundreds digit of m?
1
Let r(c) = -10*c + 26. Let b be r(-11). Suppose -10*q = -6*q - b. What is the tens digit of q?
3
Suppose 24 = -5*y + 139. Suppose -2*x - y = -5*z, -4*z + x = -z - 14. What is the units digit of z?
5
Let b(r) = 149*r - 14 - 168*r - 10. What is the hundreds digit of b(-7)?
1
Suppose 0 = -5*h - 0*h + 70. Suppose -o = -0*s + 2*s - h, -4*o + 101 = -s. What is the tens digit of o?
2
Let b(s) be the third derivative of -s**5/60 + 5*s**4/24 + s**3/3 + 7*s**2. Let g = -7 + 12. What is the units digit of b(g)?
2
Suppose y = -3*a + 16 - 1, -7 = -5*y + 2*a. Suppose -v = y*v - 296. Let h = -33 + v. What is the tens digit of h?
4
Let w(z) = 10*z**2 + 15*z - 4. What is the units digit of w(-6)?
6
Let m be (-6)/(-15) + 24/15. Suppose -3*v = m*v. Suppose v = -h - 2, 3*h - 45 = -3*i - 18. What is the units digit of i?
1
Let m be 25 - (-1 + -1 + -1). Suppose m + 6 = -2*b. Let w = b + 22. What is the units digit of w?
5
Let g = 71 - -207. What is the units digit of g?
8
Suppose -41693 = -31*g + 100163. What is the tens digit of g?
7
Let v be (-4)/(-14) + (-1872)/(-63). Suppose 5*o - v = -4*j, -4*o + 35 = o + 5*j. What is the units digit of o + -22*3/(-6)?
3
Let m = -199 + 220. What is the units digit of m?
1
What is the tens digit of (-2)/3*((-3503)/2 - 5)?
7
Suppose -4*b = -5*h + h + 1496, 4*h = -2*b + 1472. What is the hundreds digit of h?
3
Let c(a) = 64*a**2 - 3*a - 4. Let z be (1/3)/(5/(-15)*1). What is the units digit of c(z)?
3
Let r(x) = x**3 - x**2 + 8*x - 3. What is the hundreds digit of r(7)?
3
Let k be 112/6 - 18/27. Suppose -7*j + 2*j - 20 = 0, q - 5*j = 21. Let v = q + k. What is the units digit of v?
9
Let r(k) = 2*k**3 + 2*k**2 - 3. Let b be r(-4). Let l = 269 + b. Suppose 4*q - l = -22. What is the tens digit of q?
3
Suppose 0 = 5*t + 140 - 520. Suppose -14*r + 15*r - t = 0. What is the tens digit of r?
7
Suppose 1391 + 1861 = 12*f. What is the hundreds digit of f?
2
Suppose -l + 12 = -3. Let g = l + 55. What is the tens digit of g?
7
Let o = 1439 + -69. What is the hundreds digit of o?
3
Suppose -s + 392 = 2*b, 8*b = 4*s + 3*b - 1620. What is the units digit of s?
0
Let q(c) = 3*c**2 + 18*c + 34. What is the tens digit of q(16)?
9
Let x(s) = 19*s**3 + 2*s**2 - s. Let h be (-36)/6 - (1 + 0). Let d = h + 8. What is the tens digit of x(d)?
2
Suppose 3*l - 6*l = -5*q + 947, 4 = 4*l. What is the hundreds digit of q?
1
Let l(k) = -12*k - 10. Let p = 3 + 0. Suppose 0 = p*m + 14 + 1. What is the units digit of l(m)?
0
Suppose 0 = -5*p - p - 30. What is the tens digit of -15*3*3/p?
2
Suppose 0 = -3*r + 4*i - 887 + 5100, -2*r - 4*i = -2782. What is the tens digit of r?
9
Let o(p) = p**3 + 7*p**2 - 2*p + 14. Let w be o(-7). Suppose 0*g - g + 5*v + 38 = 0, 0 = -g - 5*v + w. What is the units digit of g?
3
Let k(x) = -x**2 + 5*x - 5. Let g(p) = -p**3 + 4*p**2 + 2*p - 2. Let j be g(4). Let n be k(j). Let q(o) = -o - 2. What is the units digit of q(n)?
9
Let c(t) = -t**2 - 5*t + 5. Let u be c(-6). Let k = -207 - -209. What is the units digit of k/(u*(0 + -1))?
2
Suppose -12*x + 9332 + 8680 = 0. What is the tens digit of x?
0
Suppose 2*b = 3*d - 77, -5*d + 5 = -0. Let t = b - -53. What is the units digit of t?
6
Let u(n) = -n**3 - 7*n**2 + 9*n + 11. Let x be u(-8). Let s be 5 - (-2 + (4 - x)). Suppose -p = 4*h - 93, -s*p - 19 = -2*h - p. What is the tens digit of h?
2
Suppose -3*i - 25 = -5*j, -2*i + 12 = j - 4*i. Suppose 0 = -n + j*n. Suppose 5*h - v - 226 = 4, -5*v - 25 = n. What is the tens digit of h?
4
Let p = 539 - 246. What is the units digit of p?
3
Let q(j) = 38*j**3 + j**2 - j. Suppose 0*h = -3*h + 3. What is the tens digit of q(h)?
3
Let j be 140/8*4/(-5). Let v = j - -33. Suppose -v = -u + 11. What is the units digit of u?
0
Let r(i) = 4*i**2 - 8*i - 177. What is the tens digit of r(14)?
9
Suppose -5*u + 0*u = -5*i - 400, 2*u + 2*i = 156. What is the units digit of (-2)/(-4) - u/(-2)?
0
Let b be (-4 - 15/(-3)) + -2. Let t be (-8)/(-32) - b/(-4). Suppose -j + 2*l = -t*j - 1, 14 = 4*j + 2*l. What is the units digit of j?
3
Suppose 5*t - 1013 + 50 = b, 0 = 4*t + 2*b - 762. What is the tens digit of t?
9
Let b(y) = 30*y. Let c be b(2). Suppose 0 = -4*k + 5*h + 13, -k + 0*k + 3*h = -5. Suppose -p + c = k*p. What is the tens digit of p?
2
Let z(g) = 3*g**3 + 2*g**2 - 2*g + 1. Let f be z(1). Suppose -4*t + f = -12. What is the units digit of t?
4
Let l be -20*(4 + -3 + -8). Suppose -15*b + 11*b = -l. What is the units digit of b?
5
Suppose 2*h - 5 = -29. Let d(g) = g + 18. Let w be d(h). What is the units digit of 244/w + (-8)/12?
0
Suppose 4*r - g = 2001 + 1600, -903 = -r + 3*g. What is the hundreds digit of r?
9
Let i = -3185 - -4769. What is the units digit of i?
4
Let y(l) = l**2 - 4*l + 13. What is the units digit of y(3)?
0
Let t(v) = 3 - 8*v - 4 + 0 - v**2 - 7. Let a be t(-6). Suppose 4*u + 4*d - 16 = -0*d, 2*d + 40 = a*u. What is the units digit of u?
8
Suppose -358 = -4*c + 5*z + 716, 4*c + 2*z - 1088 = 0. Let i = -116 + c. What is the hundreds digit of i?
1
Let u(p) = -46*p**3 + 2*p**2 + 8*p + 18. What is the thousands digit of u(-3)?
1
Let n = 293 - 108. Suppose 34*a - 35*a = -n. What is the hundreds digit of a?
1
Let p = 133 - 130. Suppose -5*q = -p*n + 51 + 138, 2*n = -4*q + 126. What is the tens digit of n?
6
Let z(p) = -p**3 - 6*p**2 + 2. Let t be z(-6). Let q be (24/(-36))/(t/(-9)). Suppose -2*d + q*g = -33, 2*g + 45 = 5*d + 7*g. What is the tens digit of d?
1
Let w(o) = 5*o - 14. Let l be w(4). Let q = l + -10. Let k(g) = -g**3 + g**2 + 3*g - 4. What is the units d